se 4*s - 7*s + 114 = o. What is the tens digit of s?
3
Suppose 4*x - 70 - 50 = 0. Suppose h = 5*f - 47, -5*f = 5*h + x + 265. What is the tens digit of (-38)/h + 55/3?
1
Suppose 3*o + 4 = 2*o, 2*b - 4*o - 20 = 0. Suppose 39 = 2*n + h - 41, -4*h + 92 = b*n. What is the units digit of n?
8
Let g be -4 + 7 - (1 + 67)/(-1). Let u = g + -67. What is the units digit of u?
4
Suppose -3 = -3*q + 12. Suppose -j - b + 140 = -5*b, -q*j + 632 = -3*b. What is the tens digit of j?
2
Let t(k) = -2 - 37*k - 17 - 8 + 6. What is the units digit of t(-7)?
8
Suppose 3*s - 747 = -l, -s + 3735 = 4*l + l. Let z = l + -471. Suppose -4*h + z = 2*h. What is the tens digit of h?
4
Suppose -17*h - 1644 = -21*h. What is the tens digit of h?
1
Let d be (-4018)/(-18) - (-2)/(-9). Let n = -117 + d. What is the tens digit of n?
0
Let q = -10 + 10. Let c = 5 - 3. Suppose c*g + 65 = 2*r + 3*g, q = -5*r + 2*g + 140. What is the tens digit of r?
3
What is the thousands digit of (2 - 0)*(-9 + (-33534)/(-36))?
1
Suppose 15678 = 18*g - 12*g. What is the units digit of g?
3
Let z = 281 + 1032. What is the tens digit of z?
1
Let g = 475 + 3. What is the units digit of g?
8
Let d = -166 + 485. What is the units digit of d?
9
Suppose -4445 = 197*u - 204*u. What is the tens digit of u?
3
Suppose 14 = y - 246. Let q = 427 - y. What is the units digit of q?
7
Let a = -80 - -143. Let j be (-230)/(-8) + (424/32 - 13). Suppose j = 4*p - a. What is the units digit of p?
3
Let x(z) = z**3 - 29*z**2 - 32*z + 95. What is the hundreds digit of x(31)?
0
Let a(z) = -352*z - 34. What is the units digit of a(-1)?
8
What is the tens digit of 1392*10*5/75?
2
Let i(m) = -3*m + 13. Let x be i(6). Let n be -1 + x/(10/(-692)). Suppose -93 = 6*r - n. What is the units digit of r?
2
Let n = -149 + 90. Let c = 117 + n. What is the tens digit of c?
5
Suppose -256 = -4*j + 240. Suppose 0*r + 3*o = -5*r + 480, -r + j = -5*o. What is the tens digit of r?
9
Suppose -10419 - 4232 = -13*v. What is the thousands digit of v?
1
Let q(u) = 2*u**2 + 34*u + 384. What is the hundreds digit of q(-38)?
9
Suppose 25*w - 5478 = 14*w. What is the tens digit of w?
9
Let u = 47 - 45. What is the units digit of ((-663)/52)/(u - 105/48)?
8
Let q be (-12)/15*5/(-2). What is the units digit of (-201)/q*(-18)/27?
7
Let s be -1206*((-2)/(-15))/((-1)/5). What is the tens digit of s/(-24)*(-4)/2?
6
Suppose 6*l - 10*l + 12 = 0. Suppose 2*c + 34 = l*j, -4*j + 2*c - 17 = -63. What is the units digit of j?
2
Let i be (-2)/(-6) - (-4)/(-12). Suppose i = -3*o + 36 + 57. What is the tens digit of o?
3
Let l be (-5835)/(-6) + 3/6. Suppose 6*b - l = -b. Suppose 4*c - b = -19. What is the tens digit of c?
3
Let b be (-3*(-3)/(-6))/((-3)/112). Suppose b = 4*h - 324. What is the tens digit of h?
9
Suppose 9*u = 13*u - 8. Suppose 7*p - 3*p - 20 = 2*t, u*p + 2 = -2*t. What is the units digit of p?
3
Suppose -225 = 3*z - 4*x, 0 = 5*z - 4*z + 3*x + 62. Suppose -3*s + m - 110 = 0, 5*m - 2*m = 4*s + 140. Let b = s - z. What is the tens digit of b?
3
Suppose 4*g + 5*m - 742 = 0, m = -9*g + 12*g - 547. Let x = g + -32. What is the hundreds digit of x?
1
Let m be (-13)/11 + 2/11. What is the tens digit of 1/(m - (-184)/182)?
9
Let x = 5 + 1. Suppose -5 = 3*i + 4*j, -x*i = -5*i + 4*j + 15. Suppose 0 = -4*s - s + i, 0 = -4*v - 4*s + 16. What is the units digit of v?
3
What is the tens digit of (258/4 - 3 - 5)*10?
6
What is the units digit of (-2)/15 - (1948472/120)/(-17)?
5
Let v(m) = -m - 8. Let a be v(12). Let d = -2 - a. What is the units digit of d?
8
Suppose -5*i = -10*i + 10. Let t(v) = -v**i + 28*v + 0*v**2 + 0*v**2 - 6 - 10*v. What is the tens digit of t(15)?
3
Suppose 8*s - 79 = 129. What is the tens digit of s?
2
Suppose a = 5*b - 2183, 0*b = 5*b + 3*a - 2191. What is the tens digit of b?
3
Let o(k) = -k**2 + k + 3. Let t be o(-2). What is the tens digit of t + 0/(-3 - -2) - -70?
6
Let h(f) = -2*f**2 - 23*f - 12. Suppose 5 = -m - 5. What is the tens digit of h(m)?
1
Suppose 5*y + 4*z - 15247 = 0, -3*y - 3*z + 15262 - 6112 = 0. What is the hundreds digit of y?
0
Let b(p) = -p**3 + 0 - 6*p - 3 + 3*p + 6*p**2. Let c be 76/18 - (136/36)/17. What is the units digit of b(c)?
7
Suppose 5*t - 656 = 4*p, -t + 2*p = -0*p - 130. Suppose 4*d + t = -0*d. Let w = 57 + d. What is the units digit of w?
4
Let s(o) = -29*o + 26. What is the tens digit of s(-18)?
4
What is the tens digit of 87/348 + ((-16475)/(-4))/5?
2
Let g = -7536 + 10985. What is the hundreds digit of g?
4
Let t(c) = -10*c**3 + 7*c**2 + 12*c + 14. What is the units digit of t(-4)?
8
Let k(y) be the third derivative of 5*y**4/12 - 4*y**3/3 + y**2. Suppose -3*q + 2*i + 7 = 0, 0 = -3*q - i + 9 + 10. What is the units digit of k(q)?
2
Let i(o) be the second derivative of -o**4/12 + 3*o**3/2 + 4*o**2 + 10*o. Let g be i(14). Let m = g + 96. What is the units digit of m?
4
Let a(r) = -2*r - 14. Let l be a(-8). Suppose -5*y + 74 + 128 = -3*b, 5*b - 56 = -l*y. Suppose 0 = -9*t + 11*t - y. What is the tens digit of t?
1
Let s(p) = 16*p + 19. Let z be s(-8). Let i = z - -165. What is the tens digit of i?
5
Suppose 395*p = 386*p + 9864. What is the tens digit of p?
9
Let v be (-1 - 1/(-2))*2. Let n = v + 5. Suppose 2*f + n*b = 50, f - 3*b = 14 + 11. What is the units digit of f?
5
Let l(j) = -j**2 - 5*j - 1. Let t(f) = -f**3 + 4*f**2 + 4*f. Let u be t(5). Let d be l(u). Let q = 1 - d. What is the units digit of q?
2
Let v(n) = -5*n + 0 + n**3 - 2 + 3*n**2 - 2*n**2 + 7*n**2. Let o be v(-8). Let k = o + -18. What is the tens digit of k?
2
Let q(s) = 3*s**2 + 48*s + 22. What is the units digit of q(-25)?
7
Let r = -228 - -307. What is the tens digit of r?
7
Suppose -l = -4*l - 4*n + 137, 5*n = 3*l - 146. Let y = l - -5. What is the units digit of y?
2
Suppose -5*w - 142 = -3*c, -4*c + 14 + 158 = 2*w. Suppose -5*f + 29 = m, 5*m = 2*f - 4*f + 30. Suppose v + c = f*v. What is the tens digit of v?
1
Let d(i) = 6*i + 5. Let q be d(3). Let u = q - -38. What is the units digit of u?
1
Suppose -3*w - 253 = -4*c, -193 = -3*c + 2*w - 3*w. Let q = 103 - c. What is the units digit of q?
9
Let y(o) = 50*o + 59. What is the tens digit of y(9)?
0
What is the tens digit of (9/4)/((-12)/(-1952) - 0)?
6
Let c be -1 - (-1 + -1)*-4. Let v = 11 - c. Let b = 38 - v. What is the tens digit of b?
1
Let o(w) = 2*w + 47. What is the units digit of o(-8)?
1
Suppose -q + 5*m = m - 42, 100 = 5*q + 2*m. Let n = 8 + -2. What is the units digit of (n*-1)/((-4)/q)?
3
Suppose -2*p - 2 = 3*o - 20, -3*p + 4*o + 10 = 0. Suppose -p*i + 4*i = 0. Suppose -3*f + 44 + 28 = i. What is the tens digit of f?
2
Suppose k - 1545 - 207 = -2*w, -4391 = -5*w + 3*k. What is the hundreds digit of w?
8
Let v(k) = -76*k - 150. What is the units digit of v(-3)?
8
Let f(o) = 3*o + 45. Let j be f(-18). What is the units digit of 102 + 1 + 3*6/j?
1
Suppose -3*h + 3*c = -2025, 12*h - 9*h - 2065 = -5*c. What is the hundreds digit of h?
6
Let a = -11 + 13. Let r(j) = -j + 2. Let t be r(0). What is the units digit of (a - 1)/(t/44)?
2
Suppose 5*u + 9*b - 7*b - 3042 = 0, -2*b + 1822 = 3*u. What is the units digit of u?
0
Let u(j) = -j**3 + 5*j**2 + 3*j + 67. What is the hundreds digit of u(-12)?
4
Suppose t - 185 = -49. Let h = t - 87. Suppose -q = 2*r - 43, 1 - h = -3*r + 4*q. What is the tens digit of r?
2
Let m = -1074 - -1508. What is the units digit of m?
4
Suppose -t + 0*u + 28 = u, -u = -5. What is the tens digit of t?
2
Suppose 339*i - 2180 = 335*i. What is the units digit of i?
5
Let z(t) = -16*t + 12. Let p be z(-6). Suppose 5*x - p + 28 = 0. Suppose -2*i = -2*s - x, 0 = -i + 2*s + 4 + 9. What is the units digit of i?
3
Suppose 0 = -2*k - k + 2*v - 7, k + 5*v = 26. What is the units digit of k?
1
Let g = -678 - -1471. What is the tens digit of g?
9
Let s = -4 + 4. Suppose s = -3*z + 12, 3*a + z - 242 = a. What is the hundreds digit of a?
1
Suppose -515*t + 518*t - 3513 = -3*m, m - 1159 = 2*t. What is the tens digit of m?
6
Let a be 4/26 - (-22)/(-143). Suppose 4*f + 5*c - 178 = a, f = 5*f - 5*c - 198. What is the units digit of f?
7
Let j be 3/9*0 + 2284. Suppose 16*i - j - 436 = 0. What is the tens digit of i?
7
Let a = 110 + 21. Let x = a + -73. What is the units digit of x?
8
Suppose k + 0*k - 13 = -5*n, k = 3*n - 3. Let w(p) = 6 + 0*p**2 - 5*p - 2*p**k + p**